digit of -3 + (6/2 - (-5478)/b)?
2
Let h = -203 - -208. Let p be (0 + -3)*1060/(-6). Suppose 3*d + 4*l - p = 0, -h*d + 2*l - 100 = -992. What is the hundreds digit of d?
1
Suppose -566*f - 75*f = -7687513. What is the hundreds digit of f?
9
Let c = -62 - -13. Let d = 16 + 42. Let m = d + c. What is the units digit of m?
9
Let z = 18733 + -7745. Suppose 13576 = 23*c - z. What is the thousands digit of c?
1
Let c(l) = -110*l - 5. Let x = 8 + -13. What is the tens digit of c(x)?
4
Suppose 773 = -3*l + 761, 4*f - 5*l = 1160. What is the hundreds digit of f?
2
Suppose 2*h = -5*t + 964, 2*h = -2*t + 408 - 26. Suppose 3*s - 4*p = 1415, 5*s + 4*p + t - 2595 = 0. What is the units digit of s?
7
Suppose 4461 - 16018 = -82*t + 12879. What is the units digit of t?
8
Let p(s) be the third derivative of 27*s**5/20 + s**4/12 + s**3/3 + 20*s**2. Let d be p(-2). Let t = d + -201. What is the tens digit of t?
2
Let c be 2*3/6 - 1. Let w(a) = -3*a**3 + 7*a**2 - 4*a - 4. Let v be w(4). What is the units digit of -7 + 3 + 2 - c - v?
8
Let k = 20784 - -10146. What is the hundreds digit of k?
9
Suppose -o + 5*l = -30465, -3*o + 91395 = -41*l + 44*l. What is the units digit of o?
5
Suppose 0 = 496*l - 506*l + 39548 + 56722. What is the units digit of l?
7
Let a = -79 + 184. Let c = -147 + a. What is the tens digit of (82/3)/(3 - c/(-18))?
4
Let i(u) = u**3 - 6*u**2 - u + 35. Let k be i(5). Suppose -2*n = -k*j - 632, 3*n - j - 4*j = 958. What is the units digit of n?
6
Let d = 46906 - 2739. What is the ten thousands digit of d?
4
Let o(f) = f**3 + 15*f**2 + 7*f - 16. Suppose 3*n + 16 = 7*n + 2*g, 2*g - 18 = -5*n. Let m be (-4)/(-6)*(n - 23). What is the units digit of o(m)?
2
Let i(a) be the second derivative of 19*a**4/3 + a**3/3 + 2*a**2 - 96*a. What is the hundreds digit of i(-2)?
3
What is the tens digit of 1*(-2)/(-20) - 154*(-120340)/400?
3
Suppose 0 = 3*d - 4*u + 47, 0*d + d - 6 = -3*u. Let z = d - 73. Let q = z - -95. What is the tens digit of q?
1
Suppose 3*q - 4*h = 735 + 108, 2*q - 563 = 3*h. What is the hundreds digit of q?
2
Let q(l) = -4606*l - 8086. What is the units digit of q(-11)?
0
Let x(q) = -3*q**2 + q + 1. Let n be x(-3). Let o = 48 + n. Suppose 92 = 3*m - o. What is the units digit of m?
7
Suppose 5*b - 25*u - 15227 = -23*u, -4*u + 3041 = b. What is the hundreds digit of b?
0
Let d(u) = 13*u**2 - 10*u. Let j(y) = 37*y**2 - 29*y + 1. Let v(s) = -17*d(s) + 6*j(s). Suppose 2*l - 40 = -2*l. What is the tens digit of v(l)?
6
What is the units digit of (((-5010)/(-48) + 3)*-2)/((-1)/4)?
9
Let d(g) be the second derivative of -g**3/6 + 23*g**2/2 + 15*g. Let j be d(8). Suppose 4*l - 133 - j = 0. What is the tens digit of l?
3
Let d = 833 + -1532. Let b = 316 - d. What is the thousands digit of b?
1
Let c(l) = -l**3 - 34*l**2 - 160*l + 16. Let b be c(-25). Let s = -690 - b. What is the tens digit of s?
1
What is the units digit of 72219 + (-10)/(-1) + 3*20/(-15)?
5
Let g = 35 + -34. Let i(f) = 7*f**3 + f**2. Let a be i(g). Let z(n) = n**3 - 8*n**2 + 6*n - 7. What is the units digit of z(a)?
1
Let n(z) = 28*z - 271. Let g be n(12). Suppose -11*o + g*o - 103248 = 0. What is the units digit of o?
2
Let v(c) = 5*c**2 - 39*c - 1667. What is the tens digit of v(88)?
2
What is the hundreds digit of 5944 - 6/((-36)/(-66))?
9
Let j(q) = 39*q**2 + q + 145. What is the hundreds digit of j(16)?
1
Let l = 3006 + -1736. Suppose 0 = w - 5*w + 2*b + 1710, 3*w + b = l. What is the hundreds digit of w?
4
Suppose 2*s + 3*c = 148, 3*s - 3*c = 143 + 79. Suppose 2*z - u = 7, -3*u - 4 = 5. Suppose -6 = -z*a, 3*a - s = -4*x + 115. What is the tens digit of x?
4
Suppose 2*n + k - 2 = 0, -4*k = -n - 4*n - 8. Suppose -16*c + 2*c + 6594 = n. Suppose 4*l + 361 = 4*b - c, 5*l = -5*b + 1050. What is the tens digit of b?
0
Let b(d) = 27*d**2 - 15*d - 16. Let n be b(-9). Let o = 3825 - n. What is the thousands digit of o?
1
Suppose -81*a + 270958 + 526667 = -7272. What is the tens digit of a?
3
Let n(a) be the third derivative of -a**4/6 - 79*a**3/6 - 31*a**2. Let l be n(-20). What is the tens digit of (-2 - (3 - 6/l)) + 91?
9
Suppose 3*p - 3 = 0, 2*p = 7*g - 2*g - 23. Suppose -3*v + 15 = 0, 10*n - 11*n + 223 = -g*v. What is the tens digit of n?
4
Suppose -o - 4*o = -5*f + 2360, -6 = 3*o. Suppose 6*j - 610 = f. Suppose 1580 + j = 11*r. What is the hundreds digit of r?
1
Let u = -370 + 523. Suppose 2*r - r - s = 183, -r + u = 5*s. What is the units digit of r?
8
Let t = -8215 + 15871. What is the tens digit of t?
5
Let u(p) = p**2 - p + 12. Let r be u(0). Suppose -r*z + 4308 = -0*z. What is the units digit of z?
9
Suppose -44*k + 428834 = -400698. What is the tens digit of k?
5
Let r(h) = -3*h**2 + 67*h - 40. Let t be r(27). Let w = t + 1095. What is the tens digit of w?
7
Let p = -74 + 82. What is the tens digit of 4/(-1)*(7 - 106/p)?
2
Let b(h) = 383*h - 285. What is the thousands digit of b(88)?
3
Suppose -6 = d - 2, -3*x - 2*d + 1120 = 0. Suppose -7*i = -15*i - x. Let z = 90 + i. What is the units digit of z?
3
Let b be ((-20)/(-6))/((-833)/420 + 2). Suppose 3*v = -0*v + y + b, -v - 2*y + 76 = 0. What is the units digit of v?
8
Let k(m) = -591*m + 2536. What is the hundreds digit of k(3)?
7
Let d = -30459 - -45603. What is the units digit of d?
4
Let l = 106 - -82. Suppose -3*z - l = 277. Let f = -86 - z. What is the tens digit of f?
6
Suppose -32*w - 51612 = -101*w. What is the tens digit of w?
4
Let n = -9543 + 14192. What is the units digit of n?
9
Suppose 59 + 19 = -3*y. Let r = 29 + y. Suppose -r*t + 288 = -0*t. What is the tens digit of t?
9
Let h be (65888/48)/(4/18). Suppose -5*k + 2055 = 4*x - 4137, 5*k = x + h. What is the thousands digit of k?
1
Suppose 76*w - 560866 = 627625 - 127987. What is the hundreds digit of w?
9
Suppose 0 = -4*a - 2*j + 60074, -2*a + 4*j + 15585 = -14437. What is the thousands digit of a?
5
Suppose 34*c = 154440 - 46082. What is the hundreds digit of c?
1
Let c = -1663 - -17584. What is the thousands digit of c?
5
Suppose -143*k + 1979859 = -336884. What is the ten thousands digit of k?
1
What is the thousands digit of -4477*(-8)/16*2?
4
Let z(r) = -2*r**2 + 125*r + 7. Let p be z(0). Suppose 0*a + 1830 = x - 2*a, 5*x - 9195 = a. Suppose p*h - x = -3*h. What is the hundreds digit of h?
1
Let m be (-9)/7*126/(-54). What is the tens digit of m/(-12) + (-92192)/(-128)?
2
Let i = 50 - 42. Let z be i/6*(1 + 140 + 6). Suppose 2*v + z = 2*c - 0*c, 5*v + 292 = 3*c. What is the tens digit of c?
9
Let x be 6505 + (-4 + -2 + 10)*1. Suppose 19*a - 1490 = x. What is the hundreds digit of a?
4
Let x = 112140 + -54303. What is the ten thousands digit of x?
5
Suppose 2089884 + 5941630 = 106*a. What is the ten thousands digit of a?
7
Let p be (-12)/(-2) + (-3 - 0). Let h(s) = -6*s + 0*s + p*s - 2*s - 1. What is the units digit of h(-7)?
4
Suppose -634*o + 1826483 = -574*o - 831097. What is the tens digit of o?
9
Suppose w - 5*r - 43875 = 28753, 0 = -3*w - 5*r + 218004. What is the units digit of w?
8
Suppose 0 = 5*i - 2*w - 19, 0 = i - 2*w - w - 9. Suppose 0*f - 168 = -2*y + f, 0 = -i*y - 2*f + 252. What is the units digit of y?
4
Let l = -13328 + 28345. What is the tens digit of l?
1
Let m = 1662 - 1127. Let s be (m/3 + 1)/(38/57). Suppose 0*c - 5*c = j - 665, j = -2*c + s. What is the tens digit of c?
3
Let p = 0 - -5. Let t(x) = 31*x - 332 + 6*x**2 - 35*x + 337. What is the hundreds digit of t(p)?
1
Let l(j) be the third derivative of -47*j**4/24 + 29*j**3/3 + 66*j**2. What is the hundreds digit of l(-7)?
3
Suppose p - 237457 = -64*f + 59*f, -47501 = -f + 3*p. What is the units digit of f?
2
Let b = 271 - 20. Suppose -4*k = i - 808, 3*k - 346 = -3*i + b. What is the hundreds digit of k?
2
Suppose 561 + 479 = 10*s. Suppose -5*k - 34 = -s. What is the tens digit of k?
1
Let g(w) = 18*w**2 + 1387*w - 166. What is the thousands digit of g(-85)?
1
Suppose z = -4*z + 50909 - 12614. What is the units digit of z?
9
Let b(o) = o**3 + 44*o**2 + 39*o + 257. What is the hundreds digit of b(-38)?
4
Suppose -10506 = 39*w - 45*w. Suppose -3*v - 407 = q - 1278, 2*q + 3*v - w = 0. What is the units digit of q?
0
Suppose -57*k = -873031 - 743204. What is the units digit of k?
5
Let n = 13 - 45. Let r be (2/(-9) - n/(-18)) + 258. Let u = r + -116. What is the units digit of u?